ate the remainder when 59 is divided by j.
11
Let n(y) = y**2 + 8*y + 13. What is the remainder when 36 is divided by n(-8)?
10
Suppose 5*g - 2*k = 175, -5*k - 124 = 2*g - 5*g. Calculate the remainder when g is divided by 12.
9
Let o be 19/5 + 5/25. Suppose o*f - 39 = -3. What is the remainder when 33 is divided by f?
6
Suppose m + 291 = 4*t + 4*m, -4*m - 256 = -4*t. Calculate the remainder when t is divided by 24.
21
Let r(m) = m**2 - 2*m - 4. Suppose n - 20 = -13. Calculate the remainder when n is divided by r(4).
3
Suppose n + 5*w - 106 = -n, -4*w = 8. Calculate the remainder when n is divided by 12.
10
Let r(s) = -s**3 - 2*s + 4. Suppose -4*w - w - 5 = 3*f, 3*w - 26 = 4*f. Let a(c) = 7*c - 1. What is the remainder when r(-3) is divided by a(w)?
11
Suppose 0 = -0*i - i. Suppose i = -7*c + 2*c + 35. Calculate the remainder when (19/2)/((-8)/(-16)) is divided by c.
5
Suppose 2*l - 3 = 1. Suppose s + z = 29, l*s - 2*z - 60 = -6*z. What is the remainder when s is divided by 10?
8
Let h(g) = 2*g**2 - 3*g - 1. Let a(z) = -z - 1. What is the remainder when h(3) is divided by a(-6)?
3
Let h = 12 + 3. Let c = 130 + -87. What is the remainder when c is divided by h?
13
Calculate the remainder when 18 is divided by (6/(-9))/(7/(-105)).
8
Suppose 5*x + 333 = 8*x. Suppose p + 41 = x. Calculate the remainder when p is divided by (3 - (5 - -1))*-6.
16
Let o = -28 + 43. Suppose 3*w = 14 + 1. Let c(v) = -v**2 + 10*v + 4. What is the remainder when c(w) is divided by o?
14
Let x(t) = -t**3 - 5*t**2 - 3*t. Calculate the remainder when 44 is divided by x(-5).
14
Let q(d) = d + 11. Suppose -g + 6 = -3*g - 3*o, -4*g = 4*o + 8. Calculate the remainder when 31 is divided by q(g).
9
Suppose 1 = -4*t + 129. Calculate the remainder when t is divided by 11.
10
Let w = 287 + -192. Suppose -2*h + q = h - 75, 2*h - 33 = -5*q. Calculate the remainder when w is divided by h.
23
Let u(r) = r**3 + 7*r**2 - 6. What is the remainder when 117 is divided by u(-3)?
27
Let t(g) = -g**3 - 2*g**2 + 3*g + 3. Calculate the remainder when 10 is divided by t(-3).
1
Let c(x) = 3*x**2 - 7*x + 4. Let p = 64 + -18. Calculate the remainder when p is divided by c(4).
22
Let o(m) = m**3 + 16*m**2 + 15*m + 11. Calculate the remainder when 53 is divided by o(-15).
9
Suppose 3*j = -13*j + 144. What is the remainder when 12 is divided by j?
3
Suppose 5*i + 8 = -7. Calculate the remainder when 27 is divided by 1/i + 155/15.
7
Let g(h) = -7*h + 14. What is the remainder when g(-6) is divided by 19?
18
Let z = -57 + 87. Let j(l) = 84*l**2 - 3*l. Calculate the remainder when j(-1) is divided by z.
27
Let c(y) = -y**3 + y + 20. What is the remainder when c(0) is divided by -3*(-55)/30*2?
9
Let x(y) = -y - 3. What is the remainder when 10 is divided by x(-7)?
2
Suppose -7*q + 8*q = 58. Calculate the remainder when q is divided by 12.
10
Suppose 4*x - 147 = -5*n, 0 = -5*x - 4*n + 2*n + 171. What is the remainder when 97 is divided by x?
31
Suppose -5*w = -6 - 69. Calculate the remainder when w is divided by 10.
5
Let x(k) = 2*k**2 + 4*k + 2. Let i be x(-2). Let t be -5 - i*(3 + -2). Let m = 33 - t. What is the remainder when m is divided by 14?
12
Suppose -3*k = 3*k - 282. What is the remainder when k is divided by 3 + (-1)/(-2)*14?
7
Suppose 0 = 5*p + 20, 3*p = 3*l - 28 - 11. What is the remainder when 16 is divided by l?
7
Let k(p) = p**3 - 8*p**2 - 33*p + 7. Calculate the remainder when 11 - (0 - 0/1) is divided by k(11).
4
Let w(t) = -t + 2. What is the remainder when 2/(-25) - 1939/(-175) is divided by w(-4)?
5
Suppose 54 = 3*s - s. Let g(y) = -5*y - 6. Suppose -3*u - 16 + 4 = 0. Calculate the remainder when s is divided by g(u).
13
Suppose 0 = -0*c + c + 5. Let o(b) be the first derivative of -b**3/3 - 5*b**2 - 6*b + 1. Calculate the remainder when o(c) is divided by 7.
5
Suppose -4*a - a = 0, 2*a + 17 = t. Let h = t + -8. Calculate the remainder when h is divided by 5.
4
What is the remainder when 82 is divided by 0 + -3 + 27 - 3?
19
Let n(u) = -3*u**3 + u**2 + 2*u - 4. Let c be n(-3). Suppose -4*d = -2*d - c. Suppose 13*q - 126 = 4*q. Calculate the remainder when d is divided by q.
12
Let f = -25 - -49. Let j = -115 - -185. What is the remainder when j is divided by f?
22
Suppose -4*k = -5*h + 366, h - 2*k - 72 = -0*h. Calculate the remainder when h is divided by 15.
14
Let z(h) = h + 4. Let q be z(-7). Let f(b) = -b**2 - 6*b - 1. Let g be f(q). Let x = g - -8. What is the remainder when x is divided by 6?
4
Suppose 0 = -2*t - 2*a + 66, 2*t - 47 = 4*a + 49. What is the remainder when 111 is divided by t?
35
Let p(v) = 2*v**2 + 11*v - 3. Calculate the remainder when 71 is divided by p(-8).
34
Calculate the remainder when 111/4 + 8/32 is divided by 8.
4
Let x(d) = d**2 - 6*d - 4. What is the remainder when 80 is divided by x(8)?
8
Let l(y) = 20*y**2. What is the remainder when 77 is divided by l(1)?
17
Let l = 10 + -12. Let i = 16 - l. Calculate the remainder when i is divided by 4.
2
Suppose 2*c - 10 = -3*c. Let o = 5 - c. Let d(q) = q**3 + 3*q**2 + q. Calculate the remainder when o is divided by d(-2).
1
Calculate the remainder when (-12)/(-32) + 394/16 is divided by 13.
12
Suppose 5*p + 2*g - 83 - 76 = 0, -p + 2*g + 39 = 0. Calculate the remainder when 131 is divided by p.
32
Suppose 8*t - 4*t = -28. What is the remainder when 41 is divided by (-49)/28*(-1 + t)?
13
Suppose q + q - 9 = 5*c, -2*c = q. Calculate the remainder when 5 is divided by q.
1
Let q(r) = r**2 + 2*r - 4. Let w be 4/(-22) + 84/(-22). Let b = -9 - w. Calculate the remainder when q(b) is divided by 7.
4
Suppose -j + 26 = x - 0*x, -6 = -2*x. Calculate the remainder when 67 is divided by j.
21
What is the remainder when 21 is divided by (-15)/(-35) + 162/14?
9
Calculate the remainder when 1*(9/3 - -135) is divided by 35.
33
Let n(u) = -21*u + 7. Let q(a) = -11*a + 3. Let j(t) = t + 3. Let c be j(-8). Let o(y) = c*q(y) + 2*n(y). What is the remainder when 34 is divided by o(1)?
10
Suppose -n - 2*n = -27. Let h = 0 + n. Suppose q + h = 4*q. What is the remainder when 5 is divided by q?
2
Suppose 106 = -5*t - 14. Calculate the remainder when 15 is divided by (-162)/t - (-6)/(-8).
3
Let o = 9 + -5. Suppose -o*q - 18 = -3*w - 0*w, -2*w + 4*q = -8. What is the remainder when 37 is divided by w?
7
Let y = 138 + -87. Calculate the remainder when 101 is divided by y.
50
Let x = 226 + -92. Calculate the remainder when x is divided by 17.
15
Suppose -2*v - 3*v - 240 = 0. Let c = -34 - v. Calculate the remainder when c is divided by 3.
2
Let o(k) = k**3 - 10*k**2 - 5*k + 10. What is the remainder when o(11) is divided by 13?
11
Let r(p) = -5*p - 3. What is the remainder when r(-2) is divided by (-10)/14*42/(-6)?
2
Let l = 17 + -11. Let n = 1 + l. Calculate the remainder when 61 is divided by 145/n + (-6)/(-21).
19
Let p = 48 + -35. What is the remainder when 23 is divided by p?
10
Let i(w) = 5*w - 2. Let b be i(2). Let a be 8/(-10)*(b + -3). Let c(l) = l**3 + 6*l**2 + l - 1. What is the remainder when c(a) is divided by 14?
13
Let m = -168 - -173. Calculate the remainder when 129 is divided by m.
4
Let m = -8 - 1. Let i be 6 + m/(5 + -2). What is the remainder when 3/6*(83 + i) is divided by 11?
10
Let d(u) = u + 42. Let q = 128 + -106. Calculate the remainder when d(0) is divided by q.
20
Let n = 9 - 14. Let a = 1 - n. What is the remainder when a is divided by 4?
2
Suppose 0 + 32 = 4*f. Suppose 57 = -4*a + 269. Let c = a - 31. Calculate the remainder when c is divided by f.
6
Let n(w) = 14*w**2. Suppose -2*q + 49 = 7*c - 2*c, 58 = 2*q - 4*c. Calculate the remainder when q is divided by n(-1).
13
What is the remainder when 80 is divided by 2/10 - (234/(-30) - 4)?
8
Let k(b) = -b + 10. Let m be k(11). Let f(p) = -18*p**3 + p**2 + 2*p + 1. What is the remainder when 51 is divided by f(m)?
15
Suppose 5*n - 9 = 2*n. Let r = 2 + n. What is the remainder when r is divided by 2?
1
Suppose 3*r + 0*r - 3*p = 42, 2*p = 3*r - 43. Let w(i) = -4*i**3 + i - 1. Calculate the remainder when w(-2) is divided by r.
14
Calculate the remainder when 41 is divided by (-189)/(-9)*4/6.
13
Let c(p) = 3*p - 4. Let j be c(3). Suppose 0 = 3*i + j*l - 0*l - 118, -8 = -4*l. What is the remainder when i is divided by 19?
17
Let g = -43 + 66. What is the remainder wh